{"id":12,"date":"2016-02-26T22:57:26","date_gmt":"2016-02-27T03:57:26","guid":{"rendered":"http:\/\/www.colegiomurialdo.edu.ec\/web\/?page_id=12"},"modified":"2020-05-31T21:47:21","modified_gmt":"2020-06-01T02:47:21","slug":"vision","status":"publish","type":"page","link":"http:\/\/www.colegiomurialdo.edu.ec\/web\/vision\/","title":{"rendered":"Visi\u00f3n"},"content":{"rendered":"\n<p class=\"has-text-color has-background has-normal-font-size has-very-dark-gray-color has-luminous-vivid-amber-background-color\">Queremos ser una instituci\u00f3n cat\u00f3lica l\u00edder en excelencia educativa, que se caracterice por brindar una educaci\u00f3n que coloque al ser humano en el centro de la acci\u00f3n formadora, acorde a los cambios sociales, culturales, cient\u00edficos y tecnol\u00f3gicos; con una trascendental proyecci\u00f3n de la Comunidad Educativa en el contexto social, basado en principios y valores evang\u00e9licos, integrando personas con calidad humana, ciudadana; con la practica permanente de derechos humanos, la participaci\u00f3n, la justicia, la igualdad, la no discriminaci\u00f3n, la equidad, la no violencia y los valores c\u00edvicos; comprometidos con el medio ambiente y conel bien com\u00fan, especialmente de los grupos m\u00e1s necesitados y vulnerables.<\/p>\n\n\n\n<p class=\"has-text-color has-background has-text-align-center has-medium-font-size has-vivid-red-color has-very-light-gray-background-color\"><strong>\u201cHaciendo de lo ordinario, algo extraordinario\u201d<\/strong><\/p>\n","protected":false},"excerpt":{"rendered":"<p>Queremos ser una instituci\u00f3n cat\u00f3lica l\u00edder en excelencia educativa, que se caracterice por brindar una educaci\u00f3n que coloque al ser humano en el centro de la acci\u00f3n formadora, acorde a los cambios sociales, culturales, cient\u00edficos y tecnol\u00f3gicos; con una trascendental proyecci\u00f3n de la Comunidad Educativa en el contexto social, basado&#8230;<\/p>\n","protected":false},"author":1,"featured_media":0,"parent":0,"menu_order":0,"comment_status":"closed","ping_status":"closed","template":"","meta":{"_joinchat":[],"footnotes":""},"class_list":["post-12","page","type-page","status-publish","hentry"],"_links":{"self":[{"href":"http:\/\/www.colegiomurialdo.edu.ec\/web\/wp-json\/wp\/v2\/pages\/12","targetHints":{"allow":["GET"]}}],"collection":[{"href":"http:\/\/www.colegiomurialdo.edu.ec\/web\/wp-json\/wp\/v2\/pages"}],"about":[{"href":"http:\/\/www.colegiomurialdo.edu.ec\/web\/wp-json\/wp\/v2\/types\/page"}],"author":[{"embeddable":true,"href":"http:\/\/www.colegiomurialdo.edu.ec\/web\/wp-json\/wp\/v2\/users\/1"}],"replies":[{"embeddable":true,"href":"http:\/\/www.colegiomurialdo.edu.ec\/web\/wp-json\/wp\/v2\/comments?post=12"}],"version-history":[{"count":2,"href":"http:\/\/www.colegiomurialdo.edu.ec\/web\/wp-json\/wp\/v2\/pages\/12\/revisions"}],"predecessor-version":[{"id":233,"href":"http:\/\/www.colegiomurialdo.edu.ec\/web\/wp-json\/wp\/v2\/pages\/12\/revisions\/233"}],"wp:attachment":[{"href":"http:\/\/www.colegiomurialdo.edu.ec\/web\/wp-json\/wp\/v2\/media?parent=12"}],"curies":[{"name":"wp","href":"https:\/\/api.w.org\/{rel}","templated":true}]}}